0?
False
Does 43 divide 29799?
True
Is 3618 a multiple of 67?
True
Does 36 divide 576?
True
Is 31860 a multiple of 45?
True
Is 11664 a multiple of 12?
True
Is 23499 a multiple of 7?
True
Is 306 a multiple of 2?
True
Is 1679 a multiple of 23?
True
Is 11 a factor of 990?
True
Does 104 divide 18720?
True
Does 9 divide 41?
False
Is 968 a multiple of 121?
True
Is 712 a multiple of 89?
True
Is 43 a factor of 11481?
True
Is 14 a factor of 382?
False
Is 73 a factor of 8833?
True
Is 1665 a multiple of 5?
True
Is 46 a factor of 368?
True
Is 29 a factor of 32191?
False
Is 5 a factor of 98?
False
Is 86336 a multiple of 19?
True
Is 27 a factor of 20626?
False
Is 1020 a multiple of 22?
False
Is 3 a factor of 2232?
True
Does 7 divide 840?
True
Does 8 divide 622?
False
Is 1098 a multiple of 61?
True
Is 133518 a multiple of 23?
False
Does 22 divide 599?
False
Does 28 divide 34140?
False
Does 4 divide 36?
True
Is 7 a factor of 53100?
False
Is 16 a factor of 3660?
False
Does 29 divide 58493?
True
Is 124 a factor of 21800?
False
Is 6 a factor of 213?
False
Is 29590 a multiple of 21?
False
Is 2 a factor of 1517?
False
Is 41891 a multiple of 163?
True
Is 9 a factor of 594?
True
Does 159 divide 12879?
True
Is 55 a factor of 2139?
False
Is 61 a factor of 305?
True
Does 7 divide 640?
False
Is 1586 a multiple of 61?
True
Is 28 a factor of 1122?
False
Does 12 divide 1116?
True
Is 25 a factor of 564?
False
Is 13978 a multiple of 14?
False
Does 40 divide 2138?
False
Is 10962 a multiple of 87?
True
Is 6975 even?
False
Does 82 divide 6633?
False
Is 50 a factor of 37150?
True
Is 19 a factor of 685?
False
Is 11645 a multiple of 17?
True
Is 35 a multiple of 7?
True
Is 2835 a multiple of 21?
True
Is 656 a multiple of 16?
True
Is 960 a multiple of 64?
True
Does 15 divide 1230?
True
Is 15 a factor of 1905?
True
Is 1776 a multiple of 16?
True
Is 5805 a multiple of 50?
False
Does 4 divide 216?
True
Is 3430 a multiple of 14?
True
Is 10 a factor of 2090?
True
Is 1240 a multiple of 10?
True
Is 1500 a multiple of 34?
False
Is 27 a factor of 18994?
False
Is 34 a factor of 1914?
False
Is 326 a factor of 61561?
False
Is 921 a multiple of 27?
False
Does 11 divide 451?
True
Does 44 divide 6204?
True
Is 3720 a multiple of 186?
True
Is 59 a factor of 11800?
True
Does 11 divide 846?
False
Is 18 a factor of 2685?
False
Is 762 a multiple of 29?
False
Is 11 a factor of 25916?
True
Is 4234 a multiple of 58?
True
Is 34 a factor of 140?
False
Is 22 a factor of 1022?
False
Does 6 divide 29604?
True
Does 109 divide 62675?
True
Is 20 a factor of 41760?
True
Does 5 divide 6995?
True
Does 15 divide 843?
False
Is 247 a factor of 21105?
False
Is 16 a factor of 17902?
False
Is 366 a multiple of 3?
True
Is 173 a multiple of 37?
False
Is 2442 a multiple of 105?
False
Is 18139 a multiple of 11?
True
Is 25 a factor of 1800?
True
Is 40 a factor of 588?
False
Is 13503 a multiple of 3?
True
Is 48752 a multiple of 7?
False
Does 35 divide 332?
False
Is 18168 a multiple of 4?
True
Is 99 a factor of 12474?
True
Is 32 a factor of 1184?
True
Is 726 a multiple of 36?
False
Is 15 a factor of 2808?
False
Is 164 a multiple of 29?
False
Does 13 divide 780?
True
Is 146475 a multiple of 135?
True
Is 6 a factor of 1614?
True
Is 485 a multiple of 29?
False
Does 3 divide 439?
False
Does 13 divide 873?
False
Is 71285 a multiple of 53?
True
Is 896 a multiple of 128?
True
Is 3 a factor of 90?
True
Does 14 divide 266?
True
Is 680 a multiple of 69?
False
Is 76297 a multiple of 101?
False
Does 51 divide 13210?
False
Does 38 divide 1929?
False
Does 36 divide 2820?
False
Is 3996 a multiple of 27?
True
Is 8 a factor of 232?
True
Is 74 a factor of 12223?
False
Is 1257 a multiple of 15?
False
Does 11 divide 90673?
True
Is 63365 a multiple of 145?
True
Is 48 even?
True
Is 13 a factor of 1352?
True
Does 56 divide 21616?
True
Is 11 a factor of 2610?
False
Is 3080 a multiple of 16?
False
Is 1867 a multiple of 33?
False
Is 83 a factor of 1025?
False
Does 21 divide 7539?
True
Does 13 divide 3077?
False
Is 170 a factor of 70604?
False
Is 20243 a multiple of 36?
False
Does 119 divide 5172?
False
Is 99 a factor of 4085?
False
Is 263 a multiple of 5?
False
Does 99 divide 31413?
False
Does 11 divide 4939?
True
Is 2755 a multiple of 8?
False
Does 20 divide 1466?
False
Is 52871 a multiple of 7?
True
Does 31 divide 1353?
False
Does 7 divide 392?
True
Does 41 divide 656?
True
Is 43 a factor of 449?
False
Is 2250 a multiple of 75?
True
Is 110 a multiple of 13?
False
Does 15 divide 4440?
True
Is 2277 a multiple of 24?
False
Is 26499 a multiple of 11?
True
Does 2 divide 358?
True
Is 18 a factor of 9034?
False
Is 1164 a multiple of 21?
False
Is 13647 a multiple of 79?
False
Does 5 divide 224?
False
Is 41220 a multiple of 9?
True
Is 133 a multiple of 27?
False
Is 3193 a multiple of 68?
False
Does 38 divide 13604?
True
Is 149 a factor of 1788?
True
Is 19 a factor of 1913?
False
Does 37 divide 222?
True
Does 10 divide 1190?
True
Is 12631 a multiple of 17?
True
Is 39 a factor of 991?
False
Is 3076 a multiple of 48?
False
Does 82 divide 3854?
True
Does 18 divide 1782?
True
Does 4 divide 4300?
True
Does 29 divide 8912?
False
Does 4 divide 682?
False
Does 21 divide 714?
True
Does 17 divide 4246?
False
Does 21 divide 1092?
True
Is 30 a factor of 201?
False
Is 8 a factor of 64?
True
Is 24 a factor of 24200?
False
Is 11 a factor of 330?
True
Is 68 even?
True
Does 26 divide 1541?
False
Does 36 divide 555?
False
Is 178 a factor of 6408?
True
Does 6 divide 5244?
True
Is 2108 a multiple of 6?
False
Does 137 divide 16029?
True
Does 53 divide 530?
True
Is 20026 a multiple of 17?
True
Is 52 a factor of 43368?
True
Does 13 divide 8502?
True
Does 35 divide 7139?
False
Is 1274 a multiple of 6?
False
Is 384 a multiple of 12?
True
Is 47 a factor of 344?
False
Is 12 a factor of 59004?
True
Is 16 a factor of 165?
False
Is 780 a multiple of 26?
True
Does 15 divide 397?
False
Does 68 divide 6868?
True
Is 381 a multiple of 4?
False
Is 1665 a multiple of 37?
True
Is 4632 a multiple of 18?
False
Is 5 a factor of 35?
True
Is 28280 a multiple of 10?
True
Does 11 divide 660?
True
Is 63 a factor of 20853?
True
Is 350 a multiple of 3?
False
Is 13 a factor of 15681?
False
Does 6 divide 798?
True
Is 12 a factor of 313?
False
Is 2045 a multiple of 11?
False
Is 14 a factor of 826?
True
Does 101 divide 916?
False
Is 18884 a multiple of 161?
False
Is 25836 a multiple of 110?
False
Is 1173 a multiple of 69?
True
Is 3 a factor of 505?
False
Does 44 divide 16327?
False
Is 8 a factor of 464?
True
Is 8 a factor of 48?
True
Does 112 divide 5152?
True
Does 15 divide 225?
True
Does 17 divide 4553?
False
Is 17 a factor of 1382?
False
Is 912 a multiple of 48?
True
Does 7 divide 63665?
True
Is 7 a factor of 364?
True
Is 240 a multiple of 3?
True
Is 1827 a multiple of 63?
True
Is 20496 a multiple of 16?
True
Is 22 a factor of 2134?
True
Is 168 a factor of 14280?
True
Is 741 a multiple of 19?
True
Is 13 a factor of 25257?
False
Does 2 divide 1052?
True
Is 13 a factor of 260?
True
Does 19 divide 7315?
True
Is 1106 a multiple of 3?
False
Does 79 divide 122657?
False
Does 19 divide 64252?
False
Is 68 a factor of 151?
False
Is 36 a factor of 8898?
False
Is 12 a factor of 14820?
True
Is 11 a factor of 484?
True
Does 58 divide 1276?
True
Is 102 a factor of 10608?
True
Is 12903 a multiple of 11?
True
Is 105844 a multiple of 321?
False
Is 190 a multiple of 13?
False
Is 27 a factor of 18845?
False
Is 301 a multiple of 72?
False
Is 3 a factor of 261?
True
Is 139111 a multiple of 119?
True
Is 998 a multiple of 5?
False
Is 10 a factor of 390?
True
Is 31 a factor of 744?
True
Is 10808 a multiple of 14?
True
Is 244 a multiple of 22?
False
Is 28129 a multiple of 5?
False
Does 25 divide 3095?
False
Does 10 divide 51?
False
Does 120 divide 40987?
False
Is 26 a factor of 6084?
True
Does 23 divide 5896?
False
Is 351 a multiple of 9?
True
Is 464 a multiple of 2?
True
Is 1178 a multiple of 9?
False
Is 45 a multiple of 45?
True
Does 8 divide 3432?
True
Does 92 divide 6164?
True
Is 12 a factor of 252?
True
Is 13755 a multiple of 48?
False
Is 88 a multiple of 43?
False
Is 11 a factor of 6534?
True
Is 414 a multiple of 18?
True
Is 7 a factor of 167?
False
Is 54140 a multiple of 20?
True
Is 44 a factor of 1557?
False
Is 15 a factor